n 15253 is divided by 37?
9
Calculate the remainder when 14602 is divided by 242.
82
Calculate the remainder when 233822 is divided by 19485.
2
What is the remainder when 206399 is divided by 1002?
989
What is the remainder when 17236 is divided by 401?
394
What is the remainder when 291466 is divided by 22420?
6
What is the remainder when 16755 is divided by 1522?
13
What is the remainder when 6539 is divided by 1552?
331
Calculate the remainder when 196599 is divided by 651.
648
What is the remainder when 5212 is divided by 536?
388
What is the remainder when 4267 is divided by 4241?
26
Calculate the remainder when 134752 is divided by 134748.
4
Calculate the remainder when 82720 is divided by 172.
160
What is the remainder when 88108 is divided by 44049?
10
What is the remainder when 45936 is divided by 15271?
123
What is the remainder when 18929 is divided by 62?
19
Calculate the remainder when 2650 is divided by 86.
70
What is the remainder when 9013 is divided by 2902?
307
What is the remainder when 77525 is divided by 19378?
13
What is the remainder when 737983 is divided by 832?
831
Calculate the remainder when 247252 is divided by 14.
12
Calculate the remainder when 472364 is divided by 4072.
12
What is the remainder when 74718 is divided by 40?
38
What is the remainder when 10219 is divided by 10?
9
What is the remainder when 64278 is divided by 4942?
32
Calculate the remainder when 312 is divided by 132.
48
Calculate the remainder when 76733 is divided by 176.
173
What is the remainder when 3043 is divided by 34?
17
Calculate the remainder when 11473 is divided by 766.
749
What is the remainder when 6978 is divided by 2013?
939
Calculate the remainder when 542 is divided by 144.
110
Calculate the remainder when 1049 is divided by 94.
15
What is the remainder when 495363 is divided by 118?
117
Calculate the remainder when 34170 is divided by 5695.
0
What is the remainder when 3982 is divided by 34?
4
Calculate the remainder when 10594 is divided by 106.
100
What is the remainder when 30595 is divided by 129?
22
What is the remainder when 18180 is divided by 888?
420
Calculate the remainder when 11907 is divided by 5902.
103
What is the remainder when 1523 is divided by 1444?
79
What is the remainder when 155 is divided by 77?
1
What is the remainder when 138961 is divided by 19847?
32
Calculate the remainder when 564699 is divided by 705.
699
What is the remainder when 3693 is divided by 43?
38
Calculate the remainder when 1174 is divided by 1149.
25
Calculate the remainder when 50132 is divided by 6.
2
What is the remainder when 33263 is divided by 19?
13
Calculate the remainder when 18599 is divided by 715.
9
What is the remainder when 20746 is divided by 5103?
334
Calculate the remainder when 328173 is divided by 106.
103
Calculate the remainder when 4507 is divided by 32.
27
Calculate the remainder when 32575 is divided by 13.
10
What is the remainder when 43662 is divided by 4849?
21
What is the remainder when 10899 is divided by 247?
31
What is the remainder when 32005 is divided by 2673?
2602
Calculate the remainder when 10779 is divided by 82.
37
Calculate the remainder when 166 is divided by 147.
19
What is the remainder when 38079 is divided by 604?
27
What is the remainder when 8263 is divided by 119?
52
Calculate the remainder when 1781 is divided by 491.
308
Calculate the remainder when 3085 is divided by 321.
196
What is the remainder when 5897 is divided by 199?
126
Calculate the remainder when 119151 is divided by 180.
171
What is the remainder when 5500657 is divided by 10?
7
Calculate the remainder when 111796 is divided by 3726.
16
Calculate the remainder when 117546 is divided by 29385.
6
What is the remainder when 807638 is divided by 8?
6
Calculate the remainder when 157210 is divided by 18.
16
Calculate the remainder when 70301 is divided by 48.
29
What is the remainder when 51130 is divided by 2324?
2
Calculate the remainder when 4881 is divided by 16.
1
What is the remainder when 81999 is divided by 26?
21
Calculate the remainder when 8308 is divided by 2754.
46
Calculate the remainder when 18164 is divided by 4485.
224
What is the remainder when 2305 is divided by 405?
280
What is the remainder when 153538 is divided by 505?
18
What is the remainder when 48369 is divided by 220?
189
Calculate the remainder when 552 is divided by 197.
158
Calculate the remainder when 432591 is divided by 152.
151
What is the remainder when 17611 is divided by 3520?
11
Calculate the remainder when 11353 is divided by 264.
1
What is the remainder when 15156 is divided by 433?
1
Calculate the remainder when 93921 is divided by 3029.
22
Calculate the remainder when 82511 is divided by 101.
95
What is the remainder when 31149 is divided by 31147?
2
What is the remainder when 103774 is divided by 24?
22
Calculate the remainder when 4041 is divided by 1104.
729
Calculate the remainder when 17046 is divided by 290.
226
What is the remainder when 26511 is divided by 4287?
789
Calculate the remainder when 10181 is divided by 2033.
16
What is the remainder when 4192 is divided by 417?
22
What is the remainder when 4056 is divided by 173?
77
Calculate the remainder when 160865 is divided by 307.
304
What is the remainder when 769 is divided by 179?
53
What is the remainder when 2579 is divided by 212?
35
Calculate the remainder when 184259 is divided by 5.
4
What is the remainder when 5292 is divided by 79?
78
Calculate the remainder when 14328 is divided by 126.
90
What is the remainder when 27494 is divided by 48?
38
What is the remainder when 163044 is divided by 51?
48
Calculate the remainder when 14699 is divided by 312.
35
What is the remainder when 151510 is divided by 273?
268
What is the remainder when 55654 is divided by 13897?
66
Calculate the remainder when 1263494 is divided by 31.
27
Calculate the remainder when 46098 is divided by 15348.
54
What is the remainder when 67029 is divided by 168?
165
What is the remainder when 115813 is divided by 2316?
13
Calculate the remainder when 4578 is divided by 93.
21
What is the remainder when 48393 is divided by 2545?
38
Calculate the remainder when 14149 is divided by 14129.
20
Calculate the remainder when 42482 is divided by 145.
142
What is the remainder when 1211 is divided by 5?
1
What is the remainder when 1264 is divided by 655?
609
What is the remainder when 2401 is divided by 67?
56
What is the remainder when 3843 is divided by 295?
8
What is the remainder when 35512 is divided by 1112?
1040
Calculate the remainder when 31171 is divided by 215.
211
Calculate the remainder when 380959 is divided by 6.
1
What is the remainder when 127545 is divided by 32?
25
Calculate the remainder when 6792 is divided by 29.
6
What is the remainder when 5804923 is divided by 23?
22
Calculate the remainder when 146239 is divided by 320.
319
Calculate the remainder when 57849 is divided by 203.
197
Calculate the remainder when 234569 is divided by 24.
17
What is the remainder when 152182 is divided by 34?
32
Calculate the remainder when 247931 is divided by 106.
103
Calculate the remainder when 2195762 is divided by 398.
394
Calculate the remainder when 130624 is divided by 342.
322
What is the remainder when 3192833 is divided by 4?
1
What is the remainder when 37602 is divided by 100?
2
Calculate the remainder when 55338 is divided by 14.
10
Calculate the remainder when 370838 is divided by 771.
758
Calculate the remainder when 51145 is divided by 125.
20
What is the remainder when 18468 is divided by 922?
28
Calculate the remainder when 7093 is divided by 129.
127
Calculate the remainder when 26882 is divided by 22.
20
What is the remainder when 12106 is divided by 3006?
82
What is the remainder when 38525 is divided by 6419?
11
Calculate the remainder when 4061 is divided by 1960.
141
Calculate the remainder when 191665 is divided by 320.
305
Calculate the remainder when 9712 is divided by 77.
10
Calculate the remainder when 64156 is divided by 203.
8
Calculate the remainder when 171613 is divided by 85.
83
Calculate the remainder when 55365 is divided by 749.
688
What is the remainder when 11058 is divided by 5365?
328
What is the remainder when 6679 is divided by 3327?
25
What is the